*k = 25*k - 12. Suppose 4*p + 3*a = -20, 2*p + k*p + 2*a + q = 0. What is z(p)?
4
Let q(i) = -2 + 7*i + 4 - 2*i**2 - 9 + 3 + 3*i**2. Let l = 6 - 12. Determine q(l).
-10
Let p = 0 + 15. Let z = p - 13. Let n(t) = -7*t**2 - 4*t + t**3 + 12*t**2 - z*t**3. What is n(4)?
0
Let j(p) = -p**2 + p - 4. Let c be 3/(-12*(-7)/140). Determine j(c).
-24
Let y(w) be the second derivative of -w**6/360 - w**5/12 + w**4/4 + w**3/6 + 13*w. Let r(d) be the second derivative of y(d). Calculate r(-8).
22
Let a(q) = -42 - 2*q + 4*q**3 - 4*q**3 - 26 + 76 - q**3. What is a(0)?
8
Let o(q) = 2*q - 28. Let u(i) = 7*i + 102. Let t be u(-12). What is o(t)?
8
Let s be -105*((-52)/(-20) + -3). Suppose -s = l - 37. Let j(x) = x**2 + 6*x - 1. Determine j(l).
-6
Let f(t) = -t - 2. Let v(q) = -5 + q + 1 - 3 - 3. Suppose -12*y + 30 = -7*y. Let o be v(y). What is f(o)?
2
Let a(w) = 3*w - 9. Suppose 6*g + 2 = 4*g. Let h(m) = 1. Let y(o) = g*a(o) - 12*h(o). Let s(b) = 25*b - 129. Let j be s(5). What is y(j)?
9
Let a(j) = 3*j**2 - 4*j**2 + 3 - 5*j + 6*j. Give a(-5).
-27
Suppose 5*g - 8*g = -15. Suppose -5*l + 4*z - 4 + 45 = 0, 0 = -3*l - 5*z - g. Let t(n) = n**3 - 5*n**2 + 3*n. What is t(l)?
15
Let d(p) = p**3 + 8*p**2 - 6. Let m = 419 + -427. Give d(m).
-6
Let i(g) = g - 1. Let y = -3 + 2. Suppose 2*c + 1 = -7. Let v = c - y. Determine i(v).
-4
Let n(q) = 553*q - 179*q - 185*q + 2 - 184*q. Calculate n(-2).
-8
Suppose 2*l + i - 14 = 0, 0 = -5*l + 5*i - 38 + 43. Suppose -6*v - 2*w = -2*v - 20, 2 = -2*v + 5*w. Let d(h) = 0*h + 3*h - v*h + 2. Determine d(l).
-3
Suppose 5*j - 84 = -29. Let b be (-7)/(j/33 - (-4)/6). Let i(k) = k**2 + 9*k + 8. What is i(b)?
-6
Let p = 264 - 274. Let x(w) = w**3 + 10*w**2 + w + 11. What is x(p)?
1
Let h(w) be the second derivative of w**3 - 7*w**2/2 - 174*w - 1. Calculate h(5).
23
Let l(h) = -11*h**3 + 3*h**2 + 25*h + 17. Let y(n) = 20*n**3 - 3*n**2 - 50*n - 34. Let u(a) = -11*l(a) - 6*y(a). Give u(13).
4
Let w(f) = -f - 21. Let a be (-275)/30 - (-35)/(-42). Calculate w(a).
-11
Let g(i) = -3*i**2 + 9*i - 3. Let v(o) = 2*o - 1. Let y(x) = -g(x) + 4*v(x). Determine y(1).
1
Let z(s) be the third derivative of s**6/120 - s**5/30 + s**4/24 - s**3/3 - 28*s**2 - 3*s. Calculate z(-3).
-50
Suppose 27 + 3 = 3*t. Let h = t + -14. Let r be 1/(h/(-8)) + -7. Let a(j) = -j - 11. Give a(r).
-6
Let j(s) = -s**3 + s**2 + s - 9. Suppose 2*z + 3*z = -4*q, -4*q = z. Suppose 5*v + q*v = 0. Suppose v*u = -4*u. What is j(u)?
-9
Let h(b) be the first derivative of -4 - 1/6*b**4 + 1/120*b**5 + 0*b + 1/3*b**3 + 0*b**2. Let z(t) be the third derivative of h(t). Determine z(3).
-1
Let o(l) be the second derivative of l**7/840 - l**6/180 - l**5/30 + l**4/24 - 8*l**3/3 + 18*l. Let x(p) be the second derivative of o(p). What is x(3)?
-2
Suppose l + 0*l - 4*j = 0, -2*j - 14 = -4*l. Let c(n) = -2*n**2 + 4*n - 3. Calculate c(l).
-19
Let t(r) = 2*r**2 + 2*r - 4. Suppose -3*p + 2*a = 0, 9 = 3*p - 2*a + 3*a. Give t(p).
8
Let r(g) = 3*g**3 + g**2 - 1. Let m(v) = -v**3 + 6*v**2 + 2*v - 7. Let j(x) = -8*x - 2. Let w be j(-1). Let f be m(w). Suppose -2 - f = -7*c. What is r(c)?
3
Suppose -30*z = -39*z - 72. Let h(g) be the first derivative of g**2 + 7*g + 21. What is h(z)?
-9
Let y(l) = 6*l + 102. Let c be y(-16). Let f(t) be the third derivative of 0 + 1/24*t**4 + 0*t**5 - 1/120*t**c + 0*t - 2*t**2 + 0*t**3. Calculate f(-2).
6
Let p(g) = g**2 + 7*g - 5. Let o = -224 + 218. Calculate p(o).
-11
Let f = -14 - -12. Let x be f/11 + (-78)/(-66). Let c(w) = -w - 5*w - x + 4*w. Calculate c(2).
-5
Let w(n) = -n + 2. Let i be 9/6*(-6)/(-9). Let g be i + 0 + 3 + -3. What is w(g)?
1
Let v(f) be the third derivative of f**6/120 - f**5/6 - f**4/12 + 13*f**3/6 - 4*f**2 + 2*f. What is v(10)?
-7
Let l be (10/(-15))/(1*(-4)/(-18)). Let k(m) = -5*m + 1. Calculate k(l).
16
Let k(h) = -h**2 + h. Suppose -7*c + 8 = c. What is k(c)?
0
Let h(q) be the third derivative of q**5/20 + q**3/6 + 384*q**2. What is h(3)?
28
Let a(z) be the first derivative of -2*z**3/3 + 2*z**2 + 5*z - 33. Give a(5).
-25
Let u(n) = 7*n**2 - 7*n - 1. Let m(a) = 12*a**2 - 13*a. Let r(z) = -4*m(z) + 7*u(z). What is r(-5)?
3
Let q be (48/(-20))/2*(-20)/3. Let j(f) = 2*f - 17. Let g(d) = d - 6. Let k(s) = q*g(s) - 3*j(s). Calculate k(-4).
-5
Let t(l) = -l**3 - l**2 - 2. Let n be t(-2). Suppose 0 - n = y. Let d(x) = 2*x + x**2 + 0*x**2 + 0*x - 1. Give d(y).
-1
Let r(n) = -7*n**3 + 2*n**2 - 1. Suppose 0 = -6*l - 30 - 6. Let i = -5 - l. Determine r(i).
-6
Suppose 4 = -2*k + 6. Let g be 4 + (3 - 2) + 1. Let x(i) = 0 - 3*i + 1 - g*i. Give x(k).
-8
Let k(g) = 7*g + 20. Let z be k(-2). Let j(f) = -f + 7. Determine j(z).
1
Let c(p) = p - 16. Let a be c(12). Let l(w) be the first derivative of w**4/4 + 4*w**3/3 + w**2/2 + 2*w - 1. Give l(a).
-2
Let q(m) be the third derivative of m**5/60 - m**4/2 + 8*m**3/3 + 3*m**2 + 21. Calculate q(9).
-11
Let a(j) be the third derivative of -j**4/24 - 7*j**3/6 + 8*j**2. Let i be 0 + 1 + -4 - 6. Let k(y) = y**2 + 9*y - 5. Let l be k(i). Calculate a(l).
-2
Let t(j) be the second derivative of j**3/2 + 13*j**2/2 + 12*j + 5. Suppose 3*v + 2*o + 24 = 0, -v + 3*o - o = 0. Determine t(v).
-5
Let g(o) = -7*o - 5*o**2 + 7 - 62*o**3 - 64*o**3 - 60*o**3 + 187*o**3. Suppose -8 + 2 = -t. Give g(t).
1
Let b(f) = 5*f**3 + 37*f**2 - 3*f + 20. Let c(m) = 3*m**3 + 23*m**2 - 2*m + 13. Let y(a) = 5*b(a) - 8*c(a). Let p be -2 + 1 - (-1)/1. Determine y(p).
-4
Let p be -7*(16/(-7) - -2). Let n(r) = -49 + 47 - 4*r + p*r. Give n(2).
-6
Let t = 21 + -11. Let n(v) = -v**3 + 11*v**2 - 8*v - 14. Calculate n(t).
6
Suppose x + 3*j = 10, 4*x + 2*j = 25 - 5. Suppose 5*m + 48 = x*q, 3*m = -2*q + 3 - 1. Suppose u - 3 = -q. Let k(s) = s**3 + 3*s**2 - 4*s + 2. Give k(u).
2
Let h(i) = -4*i + 17. Let k(v) = -v + 15. Let y(s) = -4*h(s) + 5*k(s). Determine y(-7).
-70
Let v(q) = -5*q - 3. Suppose 4*t + 0*t - 24 = 0. Suppose 3*d + 0 = -t. Let n be ((-8)/(-6)*3)/d. Determine v(n).
7
Let q(w) = 5*w - 1 + w + 3 - 8*w. Suppose n - 5*n - g = 13, g - 3 = 0. Let t(h) = h**2 + 5*h. Let r be t(n). Determine q(r).
10
Let x(d) = -1 + 4*d**2 + d + 2 + d + 0*d. Let m = 90 + -91. Determine x(m).
3
Let d(w) = w**2 - 5*w + 2. Let r = 8 - -3. Suppose 14*y - r*y = 0. Let a(t) = t**2 - 2*t + 5. Let b be a(y). What is d(b)?
2
Suppose -4*b - 4 = 3*z - 2*z, -2*b - 2 = z. Suppose -3*n = 4*f - 9*f + 40, 5*f + 2*n - 40 = z. Let i(t) = -t + f + t + 3*t - t. Calculate i(-6).
-4
Let j(s) = -2*s**3 - 4*s**2 - 2*s. Let w be (-6 - 0)*(-6)/(-18). Give j(w).
4
Let k(v) = 2*v - 1. Let p be (-6 + -2)*(2 + (-7)/(-4)). Let r be ((-13)/((-117)/p))/(2/3). Calculate k(r).
-11
Let y be ((1 - -2) + -4)*(-8 - -13). Let o(u) = -u**2 - 4*u - 2. Give o(y).
-7
Let i(u) be the first derivative of u**6/360 - 7*u**5/120 - u**4/12 + 40*u**3/3 - 1. Let s(q) be the third derivative of i(q). Give s(7).
-2
Let y(p) be the second derivative of -p**4/3 - 7*p**3/6 - 4*p**2 + 203*p. What is y(-2)?
-10
Suppose 0 = 2*c + 114 - 98. Let s(v) = v**3 + 8*v**2 - v + 5. Give s(c).
13
Let s be 3/(6*(-3)/12). Let c be -6 - -7 - (6 + s). Let i(m) = -2*m**3 - 4*m - 2. Let g(y) = -3*y**3 - y**2 - 4*y - 2. Let z(q) = 3*g(q) - 4*i(q). What is z(c)?
-10
Let o(w) = -13*w - 10*w + 45 - 95 + 47. Give o(2).
-49
Suppose 2*v + 3*g = 3*v - 11, -2*v + 6 = -2*g. Let f be (4 + v - -2) + -1. Suppose f*t + 18 = t. Let b(c) = -c**2 - 5*c - 4. Determine b(t).
-10
Suppose -3*y = 59 - 350. Let r(n) = -y*n - 104*n + 3 + 205*n. Calculate r(-3).
-9
Let o(l) be the first derivative of 0*l + 547 - 2*l**2 - 2*l - 586 + 4*l. Give o(2).
-6
Let p(a) = 14*a**3 - 9*a**3 + a - 2*a**3. Give p(-1).
-4
Suppose 600*o - 60 = 585*o. Let f(n) be the second derivative of n**4/12 - n**3 + n**2 - n. What is f(o)?
-6
Let i(d) be the first derivative of d**4/4 + 7*d**3/3 + 2*d**2 - 5*d - 4. Suppose 25*x - 21*x + 24 = 0. Calculate i(x).
7
Let q = -2382 + 2382. Let c(w) = -2*w + 7 + 4*w + w**2 - w. Calculate c(q).
7
Let s(j) = -j + 1. Let h(q) = q**2 - 8*q - 18. Let i be h(10). Suppose 4*b = -i*b. Determine s(b).
1
Let v(j) = -4*j - 2. Let y be (-6 - -11)*156/10. Let k = -80 + y. What is v(k)?
6
Let r(i) be the third derivative of i**4/24 + i**3/3 + 6*i**2. Suppose 2*y - 12 - 16 = 5*a, 3*a - 5*y = -13. Calculate r(a).
-4
Suppose 7*z = 3*z - 5*v + 28, 14 = 5*z + v. Let w(q) 